*w + 42*w = -3*q + g, 4*w + 41 = 5*q. What is the greatest common factor of 141 and q?
3
Let n(i) = 5*i**3 + 455*i**2 - 30*i - 219. Let w be n(-91). What is the highest common divisor of 243 and w?
81
Let b be (0 - -1)*2/2. Let j = -276 + 272. Let d be (j + 3)/((-3 - -1)/16). Calculate the greatest common factor of b and d.
1
Let r be (-45)/(-18)*(-19604)/(-130). What is the highest common divisor of 464 and r?
29
Suppose -12*f + 7*f + 190 = 4*t, 0 = -4*t - 3*f + 186. What is the highest common factor of 1044 and t?
9
Let r(t) = t**2 + 3*t - 4. Let j be r(2). Let w(p) = 20*p - 10. Let d be w(j). Let f be d/6 + (-10)/30. What is the greatest common divisor of 9 and f?
9
Let t = 10 - 7. Suppose -4*o + 4*j = -24, 3*o = -3*j + t + 3. Suppose -24 = w - o*w. Calculate the highest common divisor of w and 40.
8
Suppose 0 = -5*p + 2*i + 602, 243 = 2*p - 2*i - i. Let b = p + -68. Suppose b*s - 4 = 51*s. Calculate the highest common divisor of 8 and s.
4
Let t(m) = m**3 + 17*m**2 + 43*m - 27. Let c be t(-13). What is the greatest common divisor of 690 and c?
30
Let o = 293 - 185. Let b be ((-24)/9)/((-2)/6). Let i be 214/b + (-12)/(-48). Calculate the highest common factor of i and o.
27
Let d be 42/(-8)*(-3)/(18/16). Suppose 42*j + 9 = 45*j. Suppose -j*m + 181 + 71 = 4*p, 0 = 3*p - 2*m - 189. Calculate the highest common divisor of d and p.
7
Let b(i) = -i**3 + 40*i. Let u be b(-7). Suppose -107*o + 231 = -106*o. Calculate the highest common divisor of u and o.
21
Let p(y) = 145*y + 13. Let u be p(2). Let g be -5 + 2*(1 + 3). What is the highest common divisor of u and g?
3
Suppose -8*l - l + 45 = 0. Let i be l/(1 + 2/(-12)). Let z(q) = 2*q**2 - 3*q + 2. Let r be z(i). What is the greatest common factor of 7 and r?
7
Let v(l) = 4*l. Let h(w) = -9*w - 1. Let j(f) = -3*h(f) - 5*v(f). Let y be j(4). Let x = -26 + y. What is the highest common divisor of x and 40?
5
Suppose -y = -2*x - 1386, -5*x = y - 5*y + 5556. Calculate the greatest common factor of y and 164.
82
Let o = -329 + 334. Let s(f) = -f**3 + 6*f**2 + 8*f - 46. Let g be s(o). What is the highest common divisor of g and 19?
19
Let w be (19/2 + 3)*((4 - -95) + -3). What is the greatest common factor of 336 and w?
48
Let h(j) = j + 6. Let l be h(-6). Suppose -x - 1 + 9 = l. Let y(n) = 323*n - 3206. Let k be y(10). What is the highest common factor of k and x?
8
Suppose -5 + 196 = -5*v - 3*p, 0 = -v - 5*p - 25. Let r = -18 - v. Let u = r + -5. Calculate the highest common divisor of 68 and u.
17
Suppose 301 = 20*b - 699. Calculate the highest common factor of b and 2450.
50
Let o = -483 + 856. Let m = 376 - o. Calculate the greatest common factor of 201 and m.
3
Suppose -1120*z + 80 = -1116*z. Let i be -1 - (-56)/(-4 + 5). What is the greatest common divisor of z and i?
5
Let r(g) = 41*g**2 + 369*g - 734. Let t be r(2). Suppose 0 = 3*s - s - 96. What is the greatest common factor of s and t?
24
Suppose -372*g = -366*g - 2412. Calculate the greatest common factor of g and 1675.
67
Let j(g) = -13*g - 10. Let c be j(-2). Suppose 2*a + c*a = 720. What is the greatest common divisor of a and 100?
20
Let q = 148 - 93. Let d be 12/(-28) + 5340/210. What is the highest common factor of d and q?
5
Suppose -5 = -2*w + 5*z, 0*w - 3*w + 2*z + 2 = 0. Suppose 4*c = -w*d - 4*d + 12, 5*d - 21 = c. What is the highest common divisor of 28 and d?
4
Suppose 4*u - 8 = 0, u = 5*q - 2281 - 1507. Let i = q + -503. Calculate the highest common divisor of 45 and i.
15
Let b(x) = x**3 - 72*x**2 - 299*x - 256. Let t be b(76). What is the greatest common factor of 16988 and t?
124
Let s(g) = 2*g**3 - 55*g**2 + 5*g - 884. Let m be s(28). Calculate the highest common divisor of 1460 and m.
20
Suppose -12761 + 19716 + 28955 = 63*m. Calculate the highest common factor of 780 and m.
30
Suppose 6*c + 0*c - 90 = 0. Suppose 284 = c*a - 46. Suppose a*y = 18*y + 28. Calculate the highest common divisor of 2 and y.
1
Let j be ((-100)/2)/((-2)/4287*(-105)/(-35)). What is the greatest common factor of j and 25?
25
Let r = 8146 + -7993. What is the greatest common factor of r and 3978?
153
Let t(z) = -11*z. Let j be t(-2). Let o be (-1107)/(-36) - 10/(-8). Suppose -15*s = -o*s + 34. Calculate the highest common factor of s and j.
2
Let d(f) = -124*f + 26. Let n be d(-2). Let h = n + -220. Calculate the greatest common divisor of h and 864.
54
Let f(u) = -u + 322. Let r be f(0). Suppose -8*y + 116 = 9*y + 14. Suppose z = -y*z + r. Calculate the highest common factor of z and 92.
46
Let r = 0 - 12. Let t(v) = -5*v - 26 - 5*v - v**2 + 5*v - 7*v - 3*v. Let j be t(r). Calculate the greatest common divisor of j and 25.
5
Suppose 104*p - 111*p = -616. Calculate the highest common factor of 1364 and p.
44
Let l(i) = i**3 - 9*i**2 - 10*i + 3. Let r be l(10). Let h be (11/22)/((9/(-12))/(-4 - 2)). Calculate the highest common divisor of r and h.
1
Let r(a) = -a**3 - 8*a**2 + 15*a + 57. Let h be r(-9). Suppose 177 + 1639 = 4*t - u, 12 = h*u. What is the greatest common factor of t and 13?
13
Let x(m) = m**2 + 2*m - 6. Let i be x(4). Let b = -3454 - -6870. Let k be 5 + (-744)/152 - b/(-38). Calculate the greatest common divisor of i and k.
18
Let k be (-1)/(2/(-3922)) - (911 + -905). Calculate the highest common factor of 340 and k.
85
Suppose 1401 - 2827 = -6*d + 4094. What is the greatest common factor of 115 and d?
115
Suppose 378 = 2*w - 2*s, -w + 3*s = -0*w - 183. Suppose -5*d + 2*j + 19 + 67 = -108, 0 = j + 7. What is the greatest common factor of d and w?
12
Suppose 5*s = 3*i + 99, -2*i + 9 - 33 = -s. Suppose -3*q - 13 = 2*a, 2*q + 4 = -2. Let c = 34 - a. Calculate the greatest common divisor of s and c.
18
Let i(b) = -6*b**2 - 19*b - 35. Let x(y) = 5*y**2 + 18*y + 34. Let p(l) = -4*i(l) - 5*x(l). Let t be p(-11). What is the highest common divisor of t and 363?
3
Suppose 5*q + 2*f + 1691 = 10303, f = 1. Suppose 5*d - q = -5*g + 2*g, -d + 354 = 3*g. What is the greatest common divisor of 18 and d?
18
Let y(w) = 0*w - 37 - 4*w + 40. Let l be y(-7). Let s = l + -17. Calculate the greatest common divisor of s and 21.
7
Suppose 1372*t = 1387*t - 10350. Calculate the greatest common factor of 60 and t.
30
Let c(l) = -l**3 + 10*l**2 + 14*l + 16. Let a be c(8). Let o = -249 + a. What is the greatest common divisor of 119 and o?
7
Let w be 90/(-35) + (-36)/(-63) + 173 + 0. What is the highest common factor of 270 and w?
9
Let u = 1 + 19. Let q(w) = 3*w**3 + w**2 - 33*w + 48. Let n be q(2). What is the greatest common factor of n and u?
10
Suppose 154*z = 47*z + 135462. Calculate the greatest common divisor of 96 and z.
6
Let a be (2/(-6))/(2*(-3)/180). Suppose w = -w - 44. Let g be ((-4)/w)/((-1)/(-11)). What is the highest common divisor of a and g?
2
Let w be -1 + 0 + 3 + 1. Let r(d) = 225*d**w + 7*d**2 + 10 + 8*d - 226*d**3 + 4. Let u be r(8). What is the greatest common divisor of u and 98?
14
Suppose 4*a + g - 9844 = 0, 4 = 3*g - 2*g. What is the highest common divisor of a and 1500?
60
Let a = 108 + -21. Suppose 0 = 4*v - 2*f - 19 - a, 10 = -2*f. Suppose -9*u - 7776 = -90*u. Calculate the highest common divisor of v and u.
24
Let r = -179 - -223. Let m = 45 - r. Calculate the greatest common factor of m and 27.
1
Suppose 4*s + 1064 = -y, 4*s + 10*y = 6*y - 1064. Let w = s - -308. Calculate the greatest common divisor of w and 1722.
42
Suppose 0 = 14*q - 2*q - 2064. Calculate the highest common divisor of q and 2924.
172
Let b = 25044 - 25050. Let a(p) = 0*p**3 - p**3 - 8*p + 7*p**2 - 3 + 2*p**3. Let d be a(b). Calculate the highest common divisor of 9 and d.
9
Suppose -145*i - 29*i + 1132566 = 0. What is the highest common factor of i and 46?
23
Let q be (162/(-12))/(2/(-4)). Let n be (-37093)/(-196) + (-2)/(2 - -6). Calculate the greatest common divisor of q and n.
27
Suppose -536 = 2*o - 534. Let n be 10/((-12)/(-6)) - (o - 11). What is the greatest common factor of n and 238?
17
Let b be 972/8 - (-42)/(-28). Let h be b/35*(-2)/((-10)/35). Calculate the greatest common factor of 174 and h.
6
Let j = 27826 - 27746. Suppose -2*b + 7*n = 2*n - 45, -4*b + n = -117. Suppose -2*s + 10 = -b. What is the greatest common divisor of s and j?
20
Let z(w) = -w**3 + 8*w**2 - 7*w - 8. Let i be z(6). Let h = 3077 - 1766. Let g be (-3)/((-72)/h) - (-45)/1